e prime factors of u.
29
List the prime factors of 432/15 + (-1)/(-5).
29
Suppose -8*c + 3*c + 40 = 0. Let d(u) = -u**2 - 7*u + 9. Let j be d(-8). Let b = c + j. List the prime factors of b.
3
List the prime factors of (-2)/(-5) + (-824)/(-40).
3, 7
Suppose 11 = 4*k - 9. Suppose 90 = -3*v + k*v. What are the prime factors of v?
3, 5
Suppose -b + 0*c + 21 = -3*c, 5*c - 7 = -3*b. What are the prime factors of b?
3
Suppose -5*b + 4*b = -156. What are the prime factors of b?
2, 3, 13
Let w be 1*26/(-1 - -3). Suppose -2*m + 3*r = -26, m + w = -5*r - 0. What are the prime factors of m?
7
Let g = -13 - -16. Suppose 4*u = 3*t - 90, 5*t = g*t - u + 60. What are the prime factors of t?
2, 3, 5
What are the prime factors of -29*(-1 - 3/3)?
2, 29
Let a(n) be the first derivative of -n**2/2 - 5*n + 3. Let d be a(-5). Suppose 0*j - 3*j + 15 = d. List the prime factors of j.
5
Let l = -23 - -81. Suppose -5*w = -37 - l. List the prime factors of w.
19
Let f = -1 - -1. Let i(w) = -w**3 + w**2 + 8. Let n be i(f). Suppose 0 = -5*l + 4*k + 80, 4*l + 4*k - 20 - n = 0. List the prime factors of l.
2, 3
Let b(n) = -41*n + 10. List the prime factors of b(-2).
2, 23
Let d(l) = l**2 + 5*l + 7. Let r be d(-5). Suppose -8 = 4*v + 5*n, -3*v - 5*n - 4 - r = 0. Suppose -v*u = -4 - 2. List the prime factors of u.
2
Let w(o) be the first derivative of -1/3*o**3 + 1 - 5*o + 4*o**2. What are the prime factors of w(5)?
2, 5
Let j(o) = o**3 - 7*o**2 + 3*o + 9. What are the prime factors of j(7)?
2, 3, 5
Suppose -18 = -5*c - 3*o + 19, 15 = -c + 5*o. Let a = 23 - c. List the prime factors of a.
2, 3
Let k = -167 + 269. List the prime factors of k.
2, 3, 17
Suppose c + 22 = 6. Let q = 24 - c. What are the prime factors of q?
2, 5
Let r = -22 - -29. What are the prime factors of 310/12 - r/(-42)?
2, 13
Let q(i) = -i**2 + 17*i - 9. Let b be q(11). Suppose 0 = 4*x + 5*d - b, -6*x = -3*x - 4*d - 66. List the prime factors of x.
2, 3
Let u(m) = m**3 - 8*m**2 + m - 11. Let g be u(8). List the prime factors of (g + 45/6)*6.
3
Let c(g) = -g + 28. Let p be c(0). Let u = 20 - p. List the prime factors of 61/7 + u/(-28).
3
Let k be (2/(-4))/(5/(-100)). Suppose 4*s + 2 + k = 0. What are the prime factors of (2/s)/((-2)/21)?
7
Suppose -17 = -4*w - 5. What are the prime factors of w?
3
Let b = 94 + -31. What are the prime factors of b?
3, 7
Let p = 188 + -302. What are the prime factors of 6/(-21) + p/(-7)?
2
Let j be (-246)/(-10) + 4/10. Suppose -b = -2*b + j. List the prime factors of b.
5
Let g = 17 - 24. Let q = 13 + g. List the prime factors of (-2)/(-3)*99/q.
11
Let p be ((-5)/2)/(5/(-30)). Suppose -2*f = 3*f - p. Let c = 10 + f. What are the prime factors of c?
13
Let g = 54 - 28. List the prime factors of g.
2, 13
Suppose 12 = 3*z - 0*z. Suppose -6*a + 78 = -z*a. List the prime factors of a.
3, 13
Suppose 2 = 5*v - 23. Suppose 2*h = -3*s - 23, -4*s - 3*h - 5 - 24 = 0. Let z = v - s. List the prime factors of z.
2
Let y(z) = -3*z + 2*z + 7 - 4. List the prime factors of y(-5).
2
Let l(t) = -2*t**3 - 4*t**2 - 3*t - 1. Suppose 1 = 5*z + 3*n - 1, z + 5*n - 18 = 0. List the prime factors of l(z).
5
Let y(b) = 7*b**2 + 13*b + 4. Let x(r) = r**2 + r + 1. Let v(k) = 6*x(k) - y(k). What are the prime factors of v(-5)?
2, 3
What are the prime factors of (21/4)/(((-3)/104)/(-1))?
2, 7, 13
Let g be (9/(-1))/(-1)*3. Suppose 0 = 3*k - 4*w - 3 - 14, -w = -4*k + g. What are the prime factors of -2 + (k - (-6)/(-3))?
3
Let q be (102/(-18))/((-1)/3). Let u = q + -9. List the prime factors of u.
2
Let y = 8 - 4. Suppose -30 = q - y*q. What are the prime factors of q?
2, 5
Let x(h) = 2*h**3 - 2*h**2 - h + 1. What are the prime factors of x(2)?
7
What are the prime factors of ((-108)/20)/((-15)/50)?
2, 3
Let o be (-34)/6 + 3/(-9). Let v = -3 - o. List the prime factors of v.
3
Suppose 2 + 0 = 2*b. Suppose -b = 4*o - 13. List the prime factors of o.
3
Suppose -2*h = -5*r - 5*h - 24, -r - 2*h = 9. Let q(s) = -s**2 - 2*s + 4. Let d be q(r). What are the prime factors of -2 + (8 - d/1)?
5
Let i be -2*(-1)/2*-19. Let q = -8 - i. List the prime factors of q.
11
Suppose -2*t = 4*c + t + 42, -4*t - 52 = 5*c. Let p = 3 - c. Suppose 2*u + u = p. What are the prime factors of u?
5
Let d be 6*(24/(-9))/1. Let o = d + 34. List the prime factors of (1/(-2))/((-1)/o).
3
Let p = 140 + -35. What are the prime factors of p?
3, 5, 7
Suppose 410 + 82 = 6*z. What are the prime factors of z?
2, 41
Suppose -z - 3*z + 112 = 0. List the prime factors of z.
2, 7
Let i(u) = 2*u**2 - 7*u - 23. List the prime factors of i(-12).
349
Suppose 5*y = y + 32. Suppose -4*i = -0*i - y. List the prime factors of i.
2
Suppose o = -4*q + 6, -3*o + 3*q - 5*q + 38 = 0. Suppose -4*c - 3*b - 3 = 0, 5*b - 12 = 5*c + 18. Let g = c + o. List the prime factors of g.
11
Let l(i) = i**3 + 11*i**2 + 11. What are the prime factors of l(-11)?
11
Let x(i) = 2*i**3 - 3*i**2 - 2*i + 4. Let v be x(-4). List the prime factors of 18/12*v/(-6).
41
Let a = 18 + -12. Suppose -2*j = -a*j. Suppose f = 3*x - f - 40, j = -5*x - 2*f + 40. What are the prime factors of x?
2, 5
Suppose -3*b + 600 = 45. What are the prime factors of b?
5, 37
Suppose 4*l - 40 = -l. Suppose 5*p + 2*b = 38, -4*b = -2*p + b - l. List the prime factors of p.
2, 3
Let n = -5 + 7. Suppose n*t - 5 - 1 = 0. Suppose 8*a = t*a + 40. List the prime factors of a.
2
Let n be 2 + (-5)/(-1) - 0. Let k(b) be the second derivative of -b**4/12 + 4*b**3/3 + 2*b**2 + b. List the prime factors of k(n).
11
Let x = 143 - 56. What are the prime factors of x?
3, 29
Suppose -k = 15 + 8. Let p = -13 - -4. Let a = p - k. What are the prime factors of a?
2, 7
Let q = 27 + -81. Let r = q - -96. Suppose 5*y = r + 3. What are the prime factors of y?
3
Suppose -4*a - q + 259 = a, 4*q + 239 = 5*a. What are the prime factors of a?
3, 17
What are the prime factors of 33 + 0 + 3/3?
2, 17
Let w be (-4 - -2) + 6*2. Let z = w - 5. Let g = z - 2. List the prime factors of g.
3
List the prime factors of ((-24)/16)/((-3)/50).
5
Suppose 3*o - j + 3080 = 0, -o = -0*o - 5*j + 1050. What are the prime factors of (-2)/(-9) - o/45?
23
Let k = -4 + 4. Suppose k = w - 5*q - 27, 2*q = 4*w + q - 13. What are the prime factors of w?
2
List the prime factors of (-326)/(-4)*(2 + 7 - 7).
163
Suppose 2*g = 5*b + 85, -b + 3*b = -4*g + 206. List the prime factors of g.
2, 5
Suppose -2*w - 3*r = -239, 2*r - 244 = -3*w + w. List the prime factors of w.
127
Let v be 114*6/4 + -1. Suppose 0 = -3*s + 8*s - v. Let b = -20 + s. What are the prime factors of b?
2, 7
Let n(d) = -d**2 - 3*d + 2. Let b be n(-3). Suppose m + 4*y = 12, b*y - 9 = -1. What are the prime factors of 6/(1/m + 1)?
2
Suppose 0 = 3*m + 60 + 9. Let c = -3 - m. What are the prime factors of c?
2, 5
Let x(l) = -l**2 - 3*l - 2. Let q be x(-5). Let p = 28 + q. What are the prime factors of p?
2
Suppose 4*l - 4*b = 500, 0 = -0*l + 3*l + 3*b - 345. What are the prime factors of l?
2, 3, 5
Let t(y) = -4*y - 38. Let x(c) = c + 13. Let i(k) = -2*t(k) - 7*x(k). Let z be i(7). Let f = z + 20. What are the prime factors of f?
2, 3
Suppose 0 = -3*o - 2*o. Suppose -s - 33 = -2*j, o*s + 10 = 2*s. What are the prime factors of j?
19
Let q(y) = 2*y - 2. List the prime factors of q(5).
2
Suppose 5*v - 3*t = 560, 3*t + 342 = -0*v + 3*v. What are the prime factors of v?
109
Suppose -8*q + 323 + 445 = 0. List the prime factors of q.
2, 3
Let h(u) = 6*u**2 + 1. Let v be h(-1). Suppose -v = -n + 2. List the prime factors of n.
3
List the prime factors of ((-9)/(-6))/((-3)/(-52)).
2, 13
Suppose -3*z + 4*z - 5 = 0. Let r = -3 + 33. Suppose -z*y = -2*y - r. What are the prime factors of y?
2, 5
Suppose h + h = 8. What are the prime factors of h?
2
Let w = -42 + 24. Let b = 30 + w. List the prime factors of b.
2, 3
Suppose -4*a + 83 = 4*o + 7, -4*o - 2*a + 80 = 0. List the prime factors of o.
3, 7
Suppose -b - 3*n = -85, 2*b - 4*n = n + 203. What are the prime factors of b?
2, 47
Suppose -6 = 2*g - 0*g. List the prime factors of (-2)/g + (-21)/(-9).
3
What are the prime factors of (0 - (-2)/2)*2751/21?
131
Let h = -8 + 12. Suppose -2*j - 4*t = -20, -j - 40 = -2*j + h*t. What are the prime factors of j?
2, 5
What are the prime factors of -2 + (3 - 2) + 36?
5, 7
Let z(s) be the third derivative of s**5/20 - s**4/8 -